{"version":"1.0","provider_name":"Karting Salou | Karting en Tarragona | Cumplea\u00f1os, Eventos\u200e y mucho m\u00e1s!","provider_url":"https:\/\/kartingsalou.com\/ca\/","author_name":"karting","author_url":"https:\/\/kartingsalou.com\/ca\/author\/karting\/","title":"Festa Opening Summer al Karting Salou - Karting Salou | Karting en Tarragona | Cumplea\u00f1os, Eventos\u200e y mucho m\u00e1s!","type":"rich","width":600,"height":338,"html":"<blockquote class=\"wp-embedded-content\" data-secret=\"vzAO2G7KAY\"><a href=\"https:\/\/kartingsalou.com\/ca\/festaopening-summer-al-karting-salou\/\">Festa Opening Summer al Karting Salou<\/a><\/blockquote><iframe sandbox=\"allow-scripts\" security=\"restricted\" src=\"https:\/\/kartingsalou.com\/ca\/festaopening-summer-al-karting-salou\/embed\/#?secret=vzAO2G7KAY\" width=\"600\" height=\"338\" title=\"&#8220;Festa Opening Summer al Karting Salou&#8221; &#8212; Karting Salou | Karting en Tarragona | Cumplea\u00f1os, Eventos\u200e y mucho m\u00e1s!\" data-secret=\"vzAO2G7KAY\" frameborder=\"0\" marginwidth=\"0\" marginheight=\"0\" scrolling=\"no\" class=\"wp-embedded-content\"><\/iframe><script type=\"text\/javascript\">\n\/* <![CDATA[ *\/\n\/*! This file is auto-generated *\/\n!function(d,l){\"use strict\";l.querySelector&&d.addEventListener&&\"undefined\"!=typeof URL&&(d.wp=d.wp||{},d.wp.receiveEmbedMessage||(d.wp.receiveEmbedMessage=function(e){var t=e.data;if((t||t.secret||t.message||t.value)&&!\/[^a-zA-Z0-9]\/.test(t.secret)){for(var s,r,n,a=l.querySelectorAll('iframe[data-secret=\"'+t.secret+'\"]'),o=l.querySelectorAll('blockquote[data-secret=\"'+t.secret+'\"]'),c=new RegExp(\"^https?:$\",\"i\"),i=0;i<o.length;i++)o[i].style.display=\"none\";for(i=0;i<a.length;i++)s=a[i],e.source===s.contentWindow&&(s.removeAttribute(\"style\"),\"height\"===t.message?(1e3<(r=parseInt(t.value,10))?r=1e3:~~r<200&&(r=200),s.height=r):\"link\"===t.message&&(r=new URL(s.getAttribute(\"src\")),n=new URL(t.value),c.test(n.protocol))&&n.host===r.host&&l.activeElement===s&&(d.top.location.href=t.value))}},d.addEventListener(\"message\",d.wp.receiveEmbedMessage,!1),l.addEventListener(\"DOMContentLoaded\",function(){for(var e,t,s=l.querySelectorAll(\"iframe.wp-embedded-content\"),r=0;r<s.length;r++)(t=(e=s[r]).getAttribute(\"data-secret\"))||(t=Math.random().toString(36).substring(2,12),e.src+=\"#?secret=\"+t,e.setAttribute(\"data-secret\",t)),e.contentWindow.postMessage({message:\"ready\",secret:t},\"*\")},!1)))}(window,document);\n\/\/# sourceURL=https:\/\/kartingsalou.com\/wp-includes\/js\/wp-embed.min.js\n\/* ]]> *\/\n<\/script>\n","thumbnail_url":"https:\/\/kartingsalou.com\/wp-content\/uploads\/2019\/06\/IMG_0670.jpg","thumbnail_width":1200,"thumbnail_height":800,"description":"Al Karting salou\u00a0 encara seguim amb l&#8217;adrenalina al cos despr\u00e9s de la festa d&#8217;ahir. Al mat\u00ed m\u00e9s de 50 persones van participar en el campionat que es va realitzar i, despr\u00e9s, van poder gaudir de les carreres per nom\u00e9s 9,75 \u20ac. Durant tota la festa vam comptar amb la col\u00b7laboraci\u00f3 de la discoteca Sabana Reus [&hellip;]"}

Karting Salou | Karting en Tarragona | Cumpleaños, Eventos‎ y mucho más!

Festa Opening Summer al Karting Salou - Karting Salou | Karting en Tarragona | Cumpleaños, Eventos‎ y mucho más!

<blockquote class="wp-embedded-content" data-secret="vzAO2G7KAY"><a href="https://kartingsalou.com/ca/festaopening-summer-al-karting-salou/">Festa Opening Summer al Karting Salou</a></blockquote><iframe sandbox="allow-scripts" security="restricted" src="https://kartingsalou.com/ca/festaopening-summer-al-karting-salou/embed/#?secret=vzAO2G7KAY" width="600" height="338" title="&#8220;Festa Opening Summer al Karting Salou&#8221; &#8212; Karting Salou | Karting en Tarragona | Cumpleaños, Eventos‎ y mucho más!" data-secret="vzAO2G7KAY" frameborder="0" marginwidth="0" marginheight="0" scrolling="no" class="wp-embedded-content"></iframe><script type="text/javascript">
/* <![CDATA[ */
/*! This file is auto-generated */
!function(d,l){"use strict";l.querySelector&&d.addEventListener&&"undefined"!=typeof URL&&(d.wp=d.wp||{},d.wp.receiveEmbedMessage||(d.wp.receiveEmbedMessage=function(e){var t=e.data;if((t||t.secret||t.message||t.value)&&!/[^a-zA-Z0-9]/.test(t.secret)){for(var s,r,n,a=l.querySelectorAll('iframe[data-secret="'+t.secret+'"]'),o=l.querySelectorAll('blockquote[data-secret="'+t.secret+'"]'),c=new RegExp("^https?:$","i"),i=0;i<o.length;i++)o[i].style.display="none";for(i=0;i<a.length;i++)s=a[i],e.source===s.contentWindow&&(s.removeAttribute("style"),"height"===t.message?(1e3<(r=parseInt(t.value,10))?r=1e3:~~r<200&&(r=200),s.height=r):"link"===t.message&&(r=new URL(s.getAttribute("src")),n=new URL(t.value),c.test(n.protocol))&&n.host===r.host&&l.activeElement===s&&(d.top.location.href=t.value))}},d.addEventListener("message",d.wp.receiveEmbedMessage,!1),l.addEventListener("DOMContentLoaded",function(){for(var e,t,s=l.querySelectorAll("iframe.wp-embedded-content"),r=0;r<s.length;r++)(t=(e=s[r]).getAttribute("data-secret"))||(t=Math.random().toString(36).substring(2,12),e.src+="#?secret="+t,e.setAttribute("data-secret",t)),e.contentWindow.postMessage({message:"ready",secret:t},"*")},!1)))}(window,document);
//# sourceURL=https://kartingsalou.com/wp-includes/js/wp-embed.min.js
/* ]]> */
</script>

Al Karting salou  encara seguim amb l&#8217;adrenalina al cos després de la festa d&#8217;ahir. Al matí més de 50 persones van participar en el campionat que es va realitzar i, després, van poder gaudir de les carreres per només 9,75 €. Durant tota la festa vam comptar amb la col·laboració de la discoteca Sabana Reus [&hellip;]
